site number?
False
Let k = 8074 + 14731. Is k a composite number?
True
Let f = -1155 - -2505. Suppose 235 = -9*r - 6146. Let b = f + r. Is b a composite number?
False
Suppose -15*w + 167692 = 13*w. Is w composite?
True
Let j be -128*(3 + (-21)/2). Suppose -5*b - 85 = -j. Let n = -54 + b. Is n prime?
False
Suppose x + 6*x = 96677. Is x a composite number?
True
Suppose 2*a = 0, 0 = -k - 5*a + 653 + 3616. Is k prime?
False
Let i be (2 - 4)*1 - 1. Let b be 2/(i + -1)*1702. Let c = -558 - b. Is c a prime number?
True
Suppose o + 4 = x, 0 = 2*o + 3*o. Suppose -x*i + 1684 = 4*g, 0*g - 3*i = 5*g - 2101. Is g composite?
False
Suppose 26188 = 319*t - 315*t. Is t a composite number?
False
Suppose 9*g - 4*g + 5*j = 56800, 2*j - 56815 = -5*g. Is g a composite number?
True
Let r(y) = -130*y**3 + 3*y**2 - 2*y - 7. Let c(l) = -131*l**3 + 2*l**2 - 2*l - 6. Let t(d) = 4*c(d) - 3*r(d). Is t(-2) a composite number?
False
Let m(y) be the first derivative of -199*y**2/2 + 6*y - 4. Is m(-11) composite?
True
Suppose 7*z - 4*z - 7449 = -3*o, -3*o + 7429 = -z. Suppose 2191 + o = 7*c. Is c a composite number?
True
Let g(m) = m + 9. Suppose -60 = 5*k + 3*s - 21, 3*k - s + 15 = 0. Let q be g(k). Suppose -q*j + 5*j - 446 = 0. Is j a composite number?
False
Suppose 5*q = -2*l + 2105, -2*l + 7*l = 2*q + 5277. Suppose m - l = -4*m. Is m composite?
False
Let g(p) = 9 + 4 + 5*p - 14. Let j be g(1). Suppose -j*w = -0*w - 1172. Is w a composite number?
False
Suppose 390 = -u + 122. Let p = u + 491. Is p a prime number?
True
Suppose -5*v = 3*z - 60916 + 4278, 0 = 5*v - 3*z - 56632. Is v composite?
True
Let l be (-15)/70*3610 + (-8)/(-14). Let v = l + 1330. Is v composite?
False
Suppose 7*z - 42 = -7*z. Suppose z*l - 3948 = -477. Is l a prime number?
False
Suppose 368 = -0*s - 2*s. Let l be s*-10*(-4)/(-16). Suppose 5*u - 3*d - 271 - 304 = 0, -d = 4*u - l. Is u a prime number?
False
Let x(n) = -63*n - 42. Let a be x(-11). Let k = 944 - a. Is k composite?
False
Suppose 0 = -q - 14 - 58. Let p = q - -159. Is p prime?
False
Let l = -7 - -11. Let q = -8 + l. Let c = q + 41. Is c a prime number?
True
Is 2 - 2/((-12)/38802) a prime number?
True
Let w(m) = 8*m - m + 8 - 12*m. Let f be w(4). Let d(y) = y**2 + 9*y + 1. Is d(f) composite?
False
Let v(i) = -5*i**3 + i. Let f be v(1). Let n = f - -8. Suppose -n*c + 58 = -66. Is c a composite number?
False
Is (9 - 2239)*7/(-14) a prime number?
False
Let c(s) = -s**2 + 7*s - 9. Let u be c(6). Let n = u - -6. Is 596/(-6)*n/(-2) prime?
True
Is (-1 + -33)*2554/(-4) prime?
False
Let q(t) = 37*t**2 - 18*t - 9. Let j be q(-13). Suppose -5*v - j = -4*w, 5*w - 9502 = -3*v - 1423. Let o = -984 + w. Is o a composite number?
True
Suppose l - 15 - 3 = 2*r, 0 = 4*l + 16. Let n(w) = 10*w**2 + 19*w - 4. Is n(r) a composite number?
False
Let h = -6 - -8. Suppose 4*o + 4*a - 9352 = 0, 5*o - 11650 = a + h*a. Is o composite?
False
Let r(k) = k - 3. Let s be r(10). Is 2 - -2 - (s + -208) a composite number?
True
Suppose 0 = -3*p + 3*a + 132264, -7*a = 2*p - 8*a - 88175. Is p a composite number?
False
Is ((-7)/42*3)/((-1)/42322) a composite number?
True
Suppose 1030 = -4*m + 3758. Suppose -5*l + y = -448, -m = -5*l + 5*y - 222. Is l a prime number?
True
Let y = -442 - -633. Is y composite?
False
Let o(g) = 239*g**2 + 3. Let i be o(-2). Let a be (32/(-4))/(-1) - 2. Suppose a*d - d + 171 = j, 5*j + d = i. Is j prime?
True
Let f = -1 - -6. Suppose -f = -2*b + 37. Is b prime?
False
Suppose -w = o + 1, 0*w + 3*w = o - 23. Is (w/(-2))/((-21)/(-11585)) a prime number?
False
Let t(h) = -49*h**3 + 6*h**2 + 2*h - 3. Is t(-2) a prime number?
True
Let k = -1 + 8. Suppose 12*o = k*o + 20. Is 138/8*(o - 0) a prime number?
False
Is (-1)/(-2)*(7 + -19 + 2030) a composite number?
False
Suppose -b - f = 1, -b - 3*b = 3*f + 1. Suppose b*x - 6*x - 4*q + 1932 = 0, -3*x - 5*q = -1445. Is x a composite number?
True
Is 1/(-3) + 6198852/198 a prime number?
True
Suppose -5*r - 4896 = -s, 15387 + 9049 = 5*s - 3*r. Let y = -2569 + s. Is y prime?
False
Let k(s) = 5*s + 18. Let t(x) = -2*x - 9. Suppose -j = -3*w - 9, -4*j + 2 - 11 = 3*w. Let u(y) = w*k(y) - 5*t(y). Is u(-6) prime?
False
Is 125682/36 + 1/12*-2 a prime number?
True
Let h = -26 - -37. Suppose h*j + 1655 = 16*j. Is j a prime number?
True
Let u = 28 + -23. Let d = u + -6. Is (4/(-12))/(d/921) prime?
True
Suppose q + 6 = 4*q, -2*z + 4*q - 12 = 0. Is (-2)/(2/(-129)) + z prime?
True
Let o = -6967 - -10400. Is o a prime number?
True
Suppose 0 = -2*d + 5*m + 8669, 3*d - 4141 - 8834 = -2*m. Is d a prime number?
True
Let h = -10374 + 47176. Is h prime?
False
Let l(j) = 6*j**3 + 15 - 11*j**3 - 3*j**2 - 37*j - 7*j**3. Let x(n) = -3*n**3 - n**2 - 9*n + 4. Let y(c) = 2*l(c) - 9*x(c). Is y(5) prime?
True
Is 789 - (0 - (-11 + 3)) a composite number?
True
Let c(x) be the third derivative of 19*x**4/6 + x**3/6 - 19*x**2. Is c(13) a prime number?
False
Suppose 8*u = -0*u - 7664. Let s = u - -2501. Is s composite?
False
Let q = 2296 + 10258. Is q composite?
True
Let s be -201*((-5)/15 - 0). Suppose -2*y + 49 + s = 0. Is y prime?
False
Let w be ((-23)/4 + (-12)/(-16))*-4715. Suppose 8773 = -6*z + w. Is z a prime number?
True
Is 3/((-9)/(-15)) - -2858 prime?
False
Suppose 9*j - 188004 = -31737. Is j composite?
True
Suppose -4*z + 2487 = -225. Suppose -7*h - z = -9*h. Is h a composite number?
True
Suppose -64 = -5*b - 3*b. Suppose -x - b = -5*t, -6 + 18 = 3*t. Suppose 7*z = x*z - 1705. Is z prime?
False
Let l(w) = 6*w**3 - 12*w**2 + 8*w + 23. Is l(18) composite?
False
Let s(i) = 8*i**2 + 15. Let c(n) = -n**2 - 1. Let x(a) = 6*c(a) + s(a). Is x(16) prime?
True
Let y(b) = -13*b + 28. Let s be y(10). Is -4 + s/(-27) + (-2369)/(-9) a prime number?
True
Let r be ((-12)/(-14))/((-26)/(-91)) + 62. Is (-52)/r + 12178/10 a prime number?
True
Let r(b) = -13*b - 152. Is r(-53) prime?
False
Let p be ((-12)/9)/((-16)/(-28296)). Let t = -1195 - p. Is t a prime number?
True
Suppose l - 20704 = -j, 3*l - 103502 = -2*l + j. Is l composite?
True
Suppose 10*a - 10165 = 6*a - 5*u, 2554 = a - 3*u. Is a a composite number?
True
Suppose 54086 = 2*k + 2*v, k = 2*k - 3*v - 27043. Is k prime?
True
Suppose -3*s + 431 = 2*z + 163, z = -5*s + 134. Let t(f) = f**2 - 8*f - 13. Let m be t(10). Let v = z + m. Is v composite?
True
Let c = -13241 + 25104. Is c a composite number?
False
Suppose -2*o + 6*o - 3053 = -3*d, 0 = -5*o - 2*d + 3825. Is o prime?
False
Let u(m) = 3*m**3 + 161*m**2 - 62*m + 115. Is u(-48) composite?
True
Suppose 0 = -5*r + 4*t + 618, -4*r - 3*t + 513 = -0*r. Suppose 4*i + j = 4*j + 227, -r = -2*i + 4*j. Is i a composite number?
False
Let i be 10/4*(-24)/(-30). Let x(w) = w**3 + 9*w**2 + 6*w + 2. Let v be x(-6). Suppose 0 = i*f - 0*f - v. Is f a composite number?
False
Let c(q) = -q**3 + 9*q**2 + 5*q - 41. Is c(-14) a prime number?
True
Let r(c) = c**3 + 2*c**2 + 3*c + 3. Let d be r(-2). Let t(w) = -171*w + 6. Is t(d) a composite number?
True
Suppose 4884 - 24534 = -5*w. Let c = 6563 - w. Is c a composite number?
False
Let f = 46 + -44. Is 6355/25 + f/(-10) a prime number?
False
Suppose 0 = 3*f + 6*f - 30087. Is f composite?
False
Let q be (-128)/(-56) + ((-18)/14 - -1). Suppose q*w + 3253 = j, 0 = 5*j + 2*w - 10204 - 6109. Is j prime?
False
Suppose k - 3*d + 9 = -0*d, 1 = 3*k - 2*d. Let y be (k - -6)*1/3. Suppose -y*z + 1123 = -2*q, 0 = 5*z - 2*z + 4*q - 1093. Is z prime?
False
Let i(o) = -436 + 433 - 2*o + 26*o**2 - 2*o**2. Suppose 0 = 2*z - 0 + 4. Is i(z) a prime number?
True
Suppose 79 = i - 6520. Is i prime?
True
Let y = -48485 - -68962. Is y composite?
False
Let h(k) = -k**3 + 8*k**2 - 3*k + 2. Let i be h(7). Let r = i + -12. Is (-5 - -3) + r/2 a prime number?
True
Let x(v) = 56548*v**2 - 6*v - 11. Is x(-1) prime?
True
Let c(j) = -91*j - 14. Let y be c(-9). Suppose -2*m + 541 + y = 0. Is m a prime number?
True
Let p = 970 + 357. Is p a composite number?
False
Suppose 5 = -p, -3*i + 0*p + 144 = -3*p. Let n be (-16*i)/((-1)/(-3)). Let d = -1385 - n. Is d composite?
True
Suppose 1526 + 1404 = b. Suppose -5*p = 5*d - 2900, 0*p - 5*p + b = -5*d. Is p composite?
True
Let v(z) = -2*z**3 + 14*z**2 - 8*z - 27. Let u be v(11). Let k = -382 - u. Is k a composite number?
False
Suppose 700*h - 33697 = 699*h. Is h prime?
False
Suppose 0 = -4*g + 4*z + 2938 + 88214, 3*z